{"id":45,"date":"2020-08-24T08:07:15","date_gmt":"2020-08-24T05:07:15","guid":{"rendered":"https:\/\/yeni.kadrajmedya.com\/?page_id=45"},"modified":"2024-02-09T22:08:29","modified_gmt":"2024-02-09T19:08:29","slug":"about","status":"publish","type":"page","link":"https:\/\/yeni.kadrajmedya.com\/?page_id=45","title":{"rendered":"Hakk\u0131m\u0131zda"},"content":{"rendered":"\t\t<div data-elementor-type=\"wp-page\" data-elementor-id=\"45\" class=\"elementor elementor-45\">\n\t\t\t\t\t\t<section class=\"elementor-section elementor-top-section elementor-element elementor-element-4b59946 elementor-section-content-middle elementor-section-boxed elementor-section-height-default elementor-section-height-default\" data-id=\"4b59946\" data-element_type=\"section\">\n\t\t\t\t\t\t<div class=\"elementor-container elementor-column-gap-no\">\n\t\t\t\t\t<div class=\"aux-parallax-section elementor-column elementor-col-50 elementor-top-column elementor-element elementor-element-529bfdf\" data-id=\"529bfdf\" data-element_type=\"column\">\n\t\t\t<div class=\"elementor-widget-wrap elementor-element-populated\">\n\t\t\t\t\t\t<div class=\"elementor-element elementor-element-67b03ce aux-appear-watch-animation aux-fade-in-up-1 elementor-widget elementor-widget-aux_modern_heading\" data-id=\"67b03ce\" data-element_type=\"widget\" data-widget_type=\"aux_modern_heading.default\">\n\t\t\t\t<div class=\"elementor-widget-container\">\n\t\t\t<section class=\"aux-widget-modern-heading\">\n            <div class=\"aux-widget-inner\"><h4 class=\"aux-modern-heading-primary\">2005'ten beri<\/h4><h3 class=\"aux-modern-heading-secondary\"><span class=\"aux-head-highlight\">sizin i\u00e7in buraday\u0131z!<\/span><\/h3><div class=\"aux-modern-heading-divider\"><\/div><div class=\"aux-modern-heading-description\"><p>Kadraj Medya Ltd \u015eti, dijital medya ileti\u015fimi, sosyal medya dan\u0131\u015fmanl\u0131\u011f\u0131 ve PR (Halkla \u0130li\u015fkiler) dan\u0131\u015fmanl\u0131\u011f\u0131 alanlar\u0131nda \u00f6nc\u00fc bir medya dan\u0131\u015fmanl\u0131k \u015firketidir.\u00a0 Y\u0131llar\u0131n deneyimi ve uzman ekibiyle markalar\u0131n dijital d\u00fcnyada ba\u015far\u0131l\u0131 olmas\u0131na yard\u0131mc\u0131 oluyoruz.<\/p><\/div><\/div>\n        <\/section>\t\t<\/div>\n\t\t\t\t<\/div>\n\t\t\t\t<section class=\"elementor-section elementor-inner-section elementor-element elementor-element-f579bce elementor-section-boxed elementor-section-height-default elementor-section-height-default\" data-id=\"f579bce\" data-element_type=\"section\">\n\t\t\t\t\t\t<div class=\"elementor-container elementor-column-gap-no\">\n\t\t\t\t\t<div class=\"aux-parallax-section elementor-column elementor-col-33 elementor-inner-column elementor-element elementor-element-413ea24\" data-id=\"413ea24\" data-element_type=\"column\">\n\t\t\t<div class=\"elementor-widget-wrap elementor-element-populated\">\n\t\t\t\t\t\t<div class=\"elementor-element elementor-element-e3072d4 aux-appear-watch-animation aux-fade-in-left-2 elementor-widget elementor-widget-aux_modern_heading\" data-id=\"e3072d4\" data-element_type=\"widget\" data-widget_type=\"aux_modern_heading.default\">\n\t\t\t\t<div class=\"elementor-widget-container\">\n\t\t\t<section class=\"aux-widget-modern-heading\">\n            <div class=\"aux-widget-inner\"><h2 class=\"aux-modern-heading-primary\">Dijital Medya <br \/>\u0130leti\u015fimi<\/h2><div class=\"aux-modern-heading-description\"><p>\u0130nternet \u00e7a\u011f\u0131nda markalar\u0131n en g\u00fc\u00e7l\u00fc silahlar\u0131ndan biri olan dijital medya ileti\u015fimi konusunda size rehberlik ediyoruz.<\/p><\/div><\/div>\n        <\/section>\t\t<\/div>\n\t\t\t\t<\/div>\n\t\t\t\t\t<\/div>\n\t\t<\/div>\n\t\t\t\t<div class=\"aux-parallax-section elementor-column elementor-col-33 elementor-inner-column elementor-element elementor-element-8ab5eb2\" data-id=\"8ab5eb2\" data-element_type=\"column\">\n\t\t\t<div class=\"elementor-widget-wrap elementor-element-populated\">\n\t\t\t\t\t\t<div class=\"elementor-element elementor-element-bdc5f82 aux-appear-watch-animation aux-scale-down-1 elementor-widget elementor-widget-aux_modern_heading\" data-id=\"bdc5f82\" data-element_type=\"widget\" data-widget_type=\"aux_modern_heading.default\">\n\t\t\t\t<div class=\"elementor-widget-container\">\n\t\t\t<section class=\"aux-widget-modern-heading\">\n            <div class=\"aux-widget-inner\"><h2 class=\"aux-modern-heading-primary\">Sosyal Medya Dan\u0131\u015fmanl\u0131\u011f\u0131<\/h2><div class=\"aux-modern-heading-description\"><p>Sosyal medyan\u0131n g\u00fcc\u00fcn\u00fc en iyi \u015fekilde kullanman\u0131z\u0131 sa\u011fl\u0131yoruz. \u0130\u00e7erik y\u00f6netimi, reklam kampanyalar\u0131 ve etkile\u015fim stratejileri ile markan\u0131z\u0131 b\u00fcy\u00fct\u00fcyoruz.<\/p><\/div><\/div>\n        <\/section>\t\t<\/div>\n\t\t\t\t<\/div>\n\t\t\t\t\t<\/div>\n\t\t<\/div>\n\t\t\t\t<div class=\"aux-parallax-section elementor-column elementor-col-33 elementor-inner-column elementor-element elementor-element-d50a9ba\" data-id=\"d50a9ba\" data-element_type=\"column\">\n\t\t\t<div class=\"elementor-widget-wrap elementor-element-populated\">\n\t\t\t\t\t\t<div class=\"elementor-element elementor-element-80feaa8 aux-appear-watch-animation aux-fade-in-right-2 elementor-widget elementor-widget-aux_modern_heading\" data-id=\"80feaa8\" data-element_type=\"widget\" data-widget_type=\"aux_modern_heading.default\">\n\t\t\t\t<div class=\"elementor-widget-container\">\n\t\t\t<section class=\"aux-widget-modern-heading\">\n            <div class=\"aux-widget-inner\"><h2 class=\"aux-modern-heading-primary\"> Halkla \u0130li\u015fkiler Dan\u0131\u015fmanl\u0131\u011f\u0131<\/h2><div class=\"aux-modern-heading-description\"><p>\u0130yi bir itibar olu\u015fturmak ve s\u00fcrd\u00fcrmek i\u00e7in gerekli ad\u0131mlar\u0131 atman\u0131za yard\u0131mc\u0131 oluyoruz. Medya ili\u015fkileri ve kriz y\u00f6netimi konular\u0131nda uzman\u0131z.<\/p><\/div><\/div>\n        <\/section>\t\t<\/div>\n\t\t\t\t<\/div>\n\t\t\t\t\t<\/div>\n\t\t<\/div>\n\t\t\t\t\t<\/div>\n\t\t<\/section>\n\t\t\t\t\t<\/div>\n\t\t<\/div>\n\t\t\t\t<div class=\"aux-parallax-section elementor-column elementor-col-50 elementor-top-column elementor-element elementor-element-3ad955d\" data-id=\"3ad955d\" data-element_type=\"column\">\n\t\t\t<div class=\"elementor-widget-wrap elementor-element-populated\">\n\t\t\t\t\t\t<div class=\"elementor-element elementor-element-29b419a aux-appear-watch-animation aux-scale-up elementor-widget elementor-widget-aux_image\" data-id=\"29b419a\" data-element_type=\"widget\" data-widget_type=\"aux_image.default\">\n\t\t\t\t<div class=\"elementor-widget-container\">\n\t\t\t<section class=\"widget-container aux-widget-image aux-alignnone aux-parent-au62f52675\">\n    <div class=\"aux-media-hint-frame \">\n        <div class=\"aux-media-image \" >\n        \n            \n\n            \n            <img fetchpriority=\"high\" decoding=\"async\" width=\"640\" height=\"640\" src=\"https:\/\/yeni.kadrajmedya.com\/wp-content\/uploads\/2024\/02\/FerzanYapkuozHakkimizda-40x40.png\" class=\"aux-attachment aux-featured-image aux-attachment-id-291 aux-preload aux-has-preview\" alt=\"FerzanYapkuozHakkimizda\" data-ratio=\"1\" data-original-w=\"640\" data-src=\"https:\/\/yeni.kadrajmedya.com\/wp-content\/uploads\/2024\/02\/FerzanYapkuozHakkimizda.png\" \/>            \n                <\/div>\n    <\/div>\n\n<\/section><!-- widget-container -->\t\t<\/div>\n\t\t\t\t<\/div>\n\t\t\t\t\t<\/div>\n\t\t<\/div>\n\t\t\t\t\t<\/div>\n\t\t<\/section>\n\t\t\t\t<section class=\"elementor-section elementor-top-section elementor-element elementor-element-994a7bc elementor-section-boxed elementor-section-height-default elementor-section-height-default\" data-id=\"994a7bc\" data-element_type=\"section\">\n\t\t\t\t\t\t<div class=\"elementor-container elementor-column-gap-no\">\n\t\t\t\t\t<div class=\"aux-parallax-section elementor-column elementor-col-100 elementor-top-column elementor-element elementor-element-e6376be\" data-id=\"e6376be\" data-element_type=\"column\">\n\t\t\t<div class=\"elementor-widget-wrap elementor-element-populated\">\n\t\t\t\t\t\t<div class=\"elementor-element elementor-element-459e0e4 aux-appear-watch-animation aux-scale-down elementor-widget elementor-widget-aux_modern_heading\" data-id=\"459e0e4\" data-element_type=\"widget\" data-widget_type=\"aux_modern_heading.default\">\n\t\t\t\t<div class=\"elementor-widget-container\">\n\t\t\t<section class=\"aux-widget-modern-heading\">\n            <div class=\"aux-widget-inner\"><h4 class=\"aux-modern-heading-primary\">Ekibimiz<\/h4><h3 class=\"aux-modern-heading-secondary\"><span class=\"aux-head-highlight\">Uzman ekibimiz ile tan\u0131\u015f\u0131n<\/span><\/h3><div class=\"aux-modern-heading-description\"><p>Deneyimli bir ekip taraf\u0131ndan y\u00f6netilen Kadraj Medya Ltd \u015eti, medya ileti\u015fimi ve halkla ili\u015fkiler konusunda uzmanla\u015fm\u0131\u015ft\u0131r. Ekibimiz, m\u00fc\u015fterilerimize \u00f6zel \u00e7\u00f6z\u00fcmler sunmak i\u00e7in bir araya gelir ve markalar\u0131n\u0131 bir \u00fcst seviyeye ta\u015f\u0131r.<\/p><\/div><\/div>\n        <\/section>\t\t<\/div>\n\t\t\t\t<\/div>\n\t\t\t\t<section class=\"elementor-section elementor-inner-section elementor-element elementor-element-ccc094d elementor-section-boxed elementor-section-height-default elementor-section-height-default\" data-id=\"ccc094d\" data-element_type=\"section\">\n\t\t\t\t\t\t<div class=\"elementor-container elementor-column-gap-no\">\n\t\t\t\t\t<div class=\"aux-parallax-section elementor-column elementor-col-50 elementor-inner-column elementor-element elementor-element-dd915b3\" data-id=\"dd915b3\" data-element_type=\"column\">\n\t\t\t<div class=\"elementor-widget-wrap elementor-element-populated\">\n\t\t\t\t\t\t<div class=\"elementor-element elementor-element-9083e07 aux-appear-watch-animation aux-fade-in-right-1 elementor-widget elementor-widget-aux_staff\" data-id=\"9083e07\" data-element_type=\"widget\" data-widget_type=\"aux_staff.default\">\n\t\t\t\t<div class=\"elementor-widget-container\">\n\t\t\t<section class=\"aux-wrap-style-simple widget-container aux-widget-staff aux-parent-auab1858a1\">    <div class=\"aux-staff-container aux-staff-pos-left aux-staff-text-left aux-staff-text-dark \" >\n            <div class=\"aux-staff-header aux-staff-img-rect\">\n            <div class=\"aux-media-image\"><img decoding=\"async\" width=\"380\" height=\"500\" src=\"https:\/\/yeni.kadrajmedya.com\/wp-content\/uploads\/2024\/02\/OEKDC301-40x53.jpg\" class=\" aux-preload aux-has-preview\" alt=\"OEKDC30[1]\" data-ratio=\"0.76\" data-original-w=\"380\" data-src=\"https:\/\/yeni.kadrajmedya.com\/wp-content\/uploads\/2024\/02\/OEKDC301.jpg\" \/><\/div>        <\/div>\n            <div class=\"aux-staff-content\">\n                        <h4 class=\"col-title\">Ferzan Yapku\u00f6z<\/h4>\n                        <h5 class=\"col-subtitle\">genel m\u00fcd\u00fcr<\/h5>\n                        <div class=\"entry-content\">\n                                I\u2019m also not going for what I would call an examined \u201cinstructional sentence compiled hundreds of file of mine .            <\/div>\n                        <div class=\"aux-staff-footer aux-small aux-horizontal\">\n                    <ul class=\"aux-social-list\">\n\n                                            <li>\n                            <a class=\"facebook\" href=\"#\" target=\"_blank\"><span class=\"auxicon-facebook\"><\/span>\n                            <\/a>\n                        <\/li>\n                                                                                    <li>\n                            <a class=\"twitter\" href=\"#\" target=\"_blank\"><span class=\"auxicon-twitter\"><\/span>\n                            <\/a>\n                        <\/li>\n                                                                                                                            <li>\n                            <a class=\"pinterest\" href=\"#\" target=\"_blank\"><span class=\"auxicon-pinterest\"><\/span>\n                            <\/a>\n                        <\/li>\n                                                                                   <li>\n                            <a class=\"instagram\" href=\"#\" target=\"_blank\"><span class=\"auxicon-instagram\"><\/span>\n                            <\/a>\n                        <\/li>\n                                                          <\/ul>\n           <\/div>\n                    <\/div>\n\n    <\/div>\n\n\n<\/section><!-- widget-container -->\t\t<\/div>\n\t\t\t\t<\/div>\n\t\t\t\t\t<\/div>\n\t\t<\/div>\n\t\t\t\t<div class=\"aux-parallax-section elementor-column elementor-col-50 elementor-inner-column elementor-element elementor-element-5b7be11\" data-id=\"5b7be11\" data-element_type=\"column\">\n\t\t\t<div class=\"elementor-widget-wrap elementor-element-populated\">\n\t\t\t\t\t\t<div class=\"elementor-element elementor-element-bfab1e5 aux-appear-watch-animation aux-fade-in-right-1 elementor-widget elementor-widget-aux_staff\" data-id=\"bfab1e5\" data-element_type=\"widget\" data-widget_type=\"aux_staff.default\">\n\t\t\t\t<div class=\"elementor-widget-container\">\n\t\t\t<section class=\"aux-wrap-style-simple widget-container aux-widget-staff aux-parent-au9c62a35b\">    <div class=\"aux-staff-container aux-staff-pos-left aux-staff-text-left aux-staff-text-dark \" >\n            <div class=\"aux-staff-header aux-staff-img-rect\">\n            <div class=\"aux-media-image\"><img decoding=\"async\" width=\"380\" height=\"500\" src=\"https:\/\/yeni.kadrajmedya.com\/wp-content\/uploads\/2024\/02\/9231-40x53.jpg\" class=\" aux-preload aux-has-preview\" alt=\"923[1]\" data-ratio=\"0.76\" data-original-w=\"380\" data-src=\"https:\/\/yeni.kadrajmedya.com\/wp-content\/uploads\/2024\/02\/9231.jpg\" \/><\/div>        <\/div>\n            <div class=\"aux-staff-content\">\n                        <h4 class=\"col-title\">Gizem Galata<\/h4>\n                        <h5 class=\"col-subtitle\">web tasar\u0131mc\u0131s\u0131<\/h5>\n                        <div class=\"entry-content\">\n                                I\u2019m also not going for what I would call an examined \u201cinstructional sentence compiled hundreds of file of mine .            <\/div>\n                        <div class=\"aux-staff-footer aux-small aux-horizontal\">\n                    <ul class=\"aux-social-list\">\n\n                                            <li>\n                            <a class=\"facebook\" href=\"#\" target=\"_blank\"><span class=\"auxicon-facebook\"><\/span>\n                            <\/a>\n                        <\/li>\n                                                                                    <li>\n                            <a class=\"twitter\" href=\"#\" target=\"_blank\"><span class=\"auxicon-twitter\"><\/span>\n                            <\/a>\n                        <\/li>\n                                                                                                                            <li>\n                            <a class=\"pinterest\" href=\"#\" target=\"_blank\"><span class=\"auxicon-pinterest\"><\/span>\n                            <\/a>\n                        <\/li>\n                                                                                   <li>\n                            <a class=\"instagram\" href=\"#\" target=\"_blank\"><span class=\"auxicon-instagram\"><\/span>\n                            <\/a>\n                        <\/li>\n                                                          <\/ul>\n           <\/div>\n                    <\/div>\n\n    <\/div>\n\n\n<\/section><!-- widget-container -->\t\t<\/div>\n\t\t\t\t<\/div>\n\t\t\t\t\t<\/div>\n\t\t<\/div>\n\t\t\t\t\t<\/div>\n\t\t<\/section>\n\t\t\t\t\t<\/div>\n\t\t<\/div>\n\t\t\t\t\t<\/div>\n\t\t<\/section>\n\t\t\t\t<\/div>\n\t\t","protected":false},"excerpt":{"rendered":"<p>2005&#8217;ten beri sizin i\u00e7in buraday\u0131z! Kadraj Medya Ltd \u015eti, dijital medya ileti\u015fimi, sosyal medya dan\u0131\u015fmanl\u0131\u011f\u0131 ve PR (Halkla \u0130li\u015fkiler) dan\u0131\u015fmanl\u0131\u011f\u0131 alanlar\u0131nda \u00f6nc\u00fc bir medya dan\u0131\u015fmanl\u0131k \u015firketidir.\u00a0 Y\u0131llar\u0131n deneyimi ve uzman ekibiyle markalar\u0131n dijital d\u00fcnyada ba\u015far\u0131l\u0131 olmas\u0131na yard\u0131mc\u0131 oluyoruz. Dijital Medya \u0130leti\u015fimi \u0130nternet \u00e7a\u011f\u0131nda markalar\u0131n en g\u00fc\u00e7l\u00fc silahlar\u0131ndan biri olan dijital medya ileti\u015fimi konusunda size rehberlik [&hellip;]<\/p>\n","protected":false},"author":1,"featured_media":0,"parent":0,"menu_order":0,"comment_status":"closed","ping_status":"closed","template":"templates\/page-builder-content.php","meta":{"footnotes":""},"class_list":["post-45","page","type-page","status-publish","hentry"],"_links":{"self":[{"href":"https:\/\/yeni.kadrajmedya.com\/index.php?rest_route=\/wp\/v2\/pages\/45","targetHints":{"allow":["GET"]}}],"collection":[{"href":"https:\/\/yeni.kadrajmedya.com\/index.php?rest_route=\/wp\/v2\/pages"}],"about":[{"href":"https:\/\/yeni.kadrajmedya.com\/index.php?rest_route=\/wp\/v2\/types\/page"}],"author":[{"embeddable":true,"href":"https:\/\/yeni.kadrajmedya.com\/index.php?rest_route=\/wp\/v2\/users\/1"}],"replies":[{"embeddable":true,"href":"https:\/\/yeni.kadrajmedya.com\/index.php?rest_route=%2Fwp%2Fv2%2Fcomments&post=45"}],"version-history":[{"count":31,"href":"https:\/\/yeni.kadrajmedya.com\/index.php?rest_route=\/wp\/v2\/pages\/45\/revisions"}],"predecessor-version":[{"id":498,"href":"https:\/\/yeni.kadrajmedya.com\/index.php?rest_route=\/wp\/v2\/pages\/45\/revisions\/498"}],"wp:attachment":[{"href":"https:\/\/yeni.kadrajmedya.com\/index.php?rest_route=%2Fwp%2Fv2%2Fmedia&parent=45"}],"curies":[{"name":"wp","href":"https:\/\/api.w.org\/{rel}","templated":true}]}}